{"id":1390,"date":"2021-10-26T08:36:43","date_gmt":"2021-10-26T08:36:43","guid":{"rendered":"https:\/\/tleo.app\/home.new\/?page_id=1390"},"modified":"2021-10-26T08:41:13","modified_gmt":"2021-10-26T08:41:13","slug":"aviso-legal","status":"publish","type":"page","link":"https:\/\/www.tleo.app\/home\/aviso-legal\/","title":{"rendered":"Aviso Legal"},"content":{"rendered":"\t\t<div data-elementor-type=\"wp-page\" data-elementor-id=\"1390\" class=\"elementor elementor-1390\">\n\t\t\t\t\t\t<section class=\"elementor-section elementor-top-section elementor-element elementor-element-7ea5eb9 elementor-section-boxed elementor-section-height-default elementor-section-height-default\" data-id=\"7ea5eb9\" data-element_type=\"section\">\n\t\t\t\t\t\t<div class=\"elementor-container elementor-column-gap-default\">\n\t\t\t\t\t<div class=\"elementor-column elementor-col-100 elementor-top-column elementor-element elementor-element-e4088ea\" data-id=\"e4088ea\" data-element_type=\"column\">\n\t\t\t<div class=\"elementor-widget-wrap elementor-element-populated\">\n\t\t\t\t\t\t<div class=\"elementor-element elementor-element-52e81e1 elementor-widget elementor-widget-heading\" data-id=\"52e81e1\" data-element_type=\"widget\" data-widget_type=\"heading.default\">\n\t\t\t\t<div class=\"elementor-widget-container\">\n\t\t\t\t\t<h2 class=\"elementor-heading-title elementor-size-default\">Aviso legal<\/h2>\t\t\t\t<\/div>\n\t\t\t\t<\/div>\n\t\t\t\t<div class=\"elementor-element elementor-element-fa37be2 elementor-widget elementor-widget-text-editor\" data-id=\"fa37be2\" data-element_type=\"widget\" data-widget_type=\"text-editor.default\">\n\t\t\t\t<div class=\"elementor-widget-container\">\n\t\t\t\t\t\t\t\t\t<p>Datos identificativos del titular del sitio web:<br \/>\u00a0 \u00a0 \u00a0 \u00a0 En cumplimiento del deber de informaci\u00f3n estipulado en el art\u00edculo 10 de la Ley 34\/2002 de 11 de julio de Servicios de la Sociedad de la Informaci\u00f3n y de Comercio Electr\u00f3nico, Novafortel S.L., con CIF B93053221, en adelante Tleo, en calidad de titular del sitio web tleo.app, con domicilio en C\/ Carri\u00f3n, 8, c\u00f3digo postal 29013 a M\u00e1laga, direcci\u00f3n de correo electr\u00f3nico\u00a0<a href=\"mailto:nico%26nbsp%3Bimarin@novafortel.com\" target=\"_blank\" rel=\"noopener\">imarin@<wbr \/>novafortel.com<\/a>\u00a0y tel\u00e9fono 952224770, procede a comunicarles la presente informaci\u00f3n que conforma y regula las condiciones de uso en esta p\u00e1gina, las limitaciones de responsabilidad y las obligaciones que, los usuarios del sitio web que se publica bajo el nombre de dominio tleo.app, asumen y se comprometen a respetar.<\/p><p>\u00a0 \u00a0 \u00a0 \u00a0 Condiciones de uso:<br \/>\u00a0 \u00a0 \u00a0 \u00a0 La utilizaci\u00f3n de tleo.app otorga la condici\u00f3n de Usuario de\u00a0tleo.app, bien sea persona f\u00edsica o jur\u00eddica y obligatoriamente implica la aceptaci\u00f3n completa, plena y sin reservas de todas y cada una de las cl\u00e1usulas y condiciones generales incluidas en el Aviso Legal. Si el Usuario no estuviera conforme con las cl\u00e1usulas y condiciones de uso de este Aviso Legal, se abstendr\u00e1 de utilizar tleo.app. Este Aviso Legal est\u00e1 sujeto a cambios y actualizaciones por lo que la versi\u00f3n publicada por Tleo puede ser diferente en cada momento en que el Usuario acceda al Portal. Por tanto, el Usuario debe leer el Aviso Legal en todas y cada una de las ocasiones en que acceda a tleo.app.<\/p><p>\u00a0 \u00a0 \u00a0 \u00a0 \u00a0 A trav\u00e9s de tleo.app, Tleo\u00a0facilita al Usuario el acceso y la utilizaci\u00f3n de diversos Contenidos publicados por medio de Internet por Tleo o por terceros autorizados.<br \/>\u00a0 \u00a0 \u00a0 \u00a0 \u00a0 El&amp;nbsp;Usuario&amp;nbsp;est\u00e1 obligado y se compromete a utilizar&amp;nbsp;tleo.app&amp;nbsp;y los Contenidos de conformidad con la legislaci\u00f3n vigente, el Aviso Legal, y cualquier otro aviso o instrucciones puestos en su conocimiento, bien sea por medio de este aviso legal o en cualquier otro lugar dentro de los Contenidos que conforman&amp;nbsp;tleo.app, como son las normas de convivencia, la moral y buenas costumbres generalmente aceptadas. A tal efecto, el&amp;nbsp;Usuario&amp;nbsp;se obliga y compromete a NO utilizar cualquiera de los Contenidos con fines o efectos il\u00edcitos, prohibidos en el Aviso Legal o por la legislaci\u00f3n vigente, lesivos de los derechos e intereses de terceros, o que de cualquier forma puedan da\u00f1ar, inutilizar, sobrecargar, deteriorar o impedir la normal utilizaci\u00f3n de los Contenidos, los equipos inform\u00e1ticos o los documentos, archivos y toda clase de contenidos almacenados en cualquier equipo inform\u00e1tico propios o contratados por&amp;nbsp;Tleo, de otro&amp;nbsp;USUARIO&amp;nbsp;o de cualquier usuario de Internet (hardware y software).<br \/>\u00a0 \u00a0 \u00a0 \u00a0 \u00a0 El&amp;nbsp;Usuario&amp;nbsp;se obliga y se compromete a no transmitir, difundir o poner a disposici\u00f3n de terceros cualquier clase de material contenido en&amp;nbsp;tleo.app, tales como informaciones, textos, datos, contenidos, mensajes, gr\u00e1ficos, dibujos, archivos de sonido y\/o imagen, fotograf\u00edas, grabaciones, software, logotipos, marcas, iconos, tecnolog\u00eda, fotograf\u00edas, software, enlaces, dise\u00f1o gr\u00e1fico y c\u00f3digos fuente, o cualquier otro material al que tuviera acceso en su condici\u00f3n de&amp;nbsp;Usuario&amp;nbsp;de&amp;nbsp;<wbr \/>tleo.app, sin que esta enumeraci\u00f3n tenga car\u00e1cter limitativo. Asimismo, de conformidad con todo ello, el&amp;nbsp;Usuario&amp;nbsp;no podr\u00e1:<\/p><p>\u00a0 \u00a0 \u00a0 \u00a0 \u00a0 Reproducir, copiar, distribuir, poner a disposici\u00f3n o de cualquier otra forma comunicar p\u00fablicamente, transformar o modificar los Contenidos, a menos que se cuente con la autorizaci\u00f3n escrita y expl\u00edcita de&amp;nbsp;Tleo, que es titular de los correspondientes derechos, o bien que ello resulte legalmente permitido.<\/p><p>\u00a0 \u00a0 \u00a0 \u00a0 \u00a0 Suprimir, manipular o de cualquier forma alterar el \u201ccopyright\u201d y dem\u00e1s datos identificativos de la reserva de derechos de&amp;nbsp;Tleo&amp;nbsp;o de sus titulares, de las huellas y\/o identificadores digitales, marcas de agua, o de cualesquiera otros medios t\u00e9cnicos establecidos para su reconocimiento.<\/p><p>\u00a0 \u00a0 \u00a0 \u00a0 El&amp;nbsp;Usuario&amp;nbsp;deber\u00e1 abstenerse de obtener e incluso de intentar obtener los Contenidos empleando para ello medios o procedimientos distintos de los que, seg\u00fan los casos, se hayan puesto a su disposici\u00f3n a este efecto o se hayan indicado a este efecto en las p\u00e1ginas web donde se encuentren los Contenidos o, en general, de los que se empleen habitualmente en Internet a este efecto siempre que no entra\u00f1en un riesgo de da\u00f1o o inutilizaci\u00f3n de&amp;nbsp;tleo.app,&amp;nbsp;y\/o de los Contenidos.<\/p><p>\u00a0 \u00a0 \u00a0 \u00a0 Propiedad intelectual:<br \/>\u00a0 \u00a0 \u00a0 \u00a0 Todas las marcas, nombres comerciales o signos distintivos de cualquier clase que aparecen en&amp;nbsp;tleo.app&amp;nbsp;son propiedad de&amp;nbsp;Tleo&amp;nbsp;o, en su caso, de sus respectivos propietarios, sin que pueda entenderse que el uso o acceso al Portal y\/o a los Contenidos atribuya al&amp;nbsp;Usuario&amp;nbsp;derecho alguno sobre las citadas marcas, nombres comerciales y\/o signos distintivos y sin que puedan entenderse cedidos al&amp;nbsp;Usuario, ninguno de los derechos de explotaci\u00f3n que existen o puedan existir sobre dichos Contenidos. De igual modo los Contenidos son propiedad intelectual de&amp;nbsp;Tleo, o de terceros en su caso, por tanto, los derechos de Propiedad Intelectual son titularidad de&amp;nbsp;Tleo&amp;nbsp;o de terceros que han autorizado su uso, a quienes corresponde el ejercicio exclusivo de los derechos de explotaci\u00f3n de los mismos en cualquier forma y, en especial, los derechos de reproducci\u00f3n, distribuci\u00f3n, comunicaci\u00f3n p\u00fablica y transformaci\u00f3n. La utilizaci\u00f3n no autorizada de la informaci\u00f3n contenida en esta Web, as\u00ed como la lesi\u00f3n de los derechos de Propiedad Intelectual o Industrial de&amp;nbsp;Tleo&amp;nbsp;o de terceros incluidos en&amp;nbsp;tleo.app&amp;nbsp;que hayan cedido contenidos dar\u00e1 lugar a las responsabilidades legalmente establecidas.<\/p><p>\u00a0 \u00a0 \u00a0 \u00a0 Disponibilidad de Tleo.app:<br \/>\u00a0 \u00a0 \u00a0 \u00a0 Tleo&amp;nbsp;no garantiza la inexistencia de interrupciones o errores en el acceso a&amp;nbsp;tleo.app, a sus contenidos, ni que \u00e9ste se encuentren actualizados, aunque desarrollar\u00e1 sus mejores esfuerzos para, en su caso, evitarlos, subsanarlos o actualizarlos. Por consiguiente,&amp;nbsp;Tleo&amp;nbsp;<wbr \/>no se responsabiliza de los da\u00f1os o perjuicios de cualquier tipo producidos en el&amp;nbsp;Usuario&amp;nbsp;que traigan causa de fallos o desconexiones en las redes de telecomunicaciones que produzcan la suspensi\u00f3n, cancelaci\u00f3n o interrupci\u00f3n del servicio del portal durante la prestaci\u00f3n del mismo o con car\u00e1cter previo.<br \/>\u00a0 \u00a0 \u00a0 \u00a0 \u00a0 \u00a0 Tleo&amp;nbsp;excluye, con las excepciones contempladas en la legislaci\u00f3n vigente, cualquier responsabilidad por los da\u00f1os y perjuicios de toda naturaleza que puedan deberse a la falta de disponibilidad, continuidad o calidad del funcionamiento de&amp;nbsp;tleo.app&amp;nbsp;y de los Contenidos, al no cumplimiento de la expectativa de utilidad que el&amp;nbsp;USUARIO&amp;nbsp;hubiera podido atribuir a&amp;nbsp;tleo.app&amp;nbsp;y a los Contenidos.<br \/>\u00a0 \u00a0 \u00a0 \u00a0 \u00a0 La funci\u00f3n de los Hiperenlaces que aparecen en esta Web es exclusivamente la de informar al&amp;nbsp;Usuario&amp;nbsp;acerca de la existencia de otras Web que contienen informaci\u00f3n sobre la materia. Dichos Hiperenlaces no constituyen sugerencia ni recomendaci\u00f3n alguna.<br \/>\u00a0 \u00a0 \u00a0 \u00a0 \u00a0 Tleo&amp;nbsp;no se hace responsable de los contenidos de dichas p\u00e1ginas enlazadas, del funcionamiento o utilidad de los Hiperenlaces ni del resultado de dichos enlaces, ni garantiza la ausencia de virus u otros elementos en los mismos que puedan producir alteraciones en el sistema inform\u00e1tico (hardware y software), los documentos o los ficheros del Usuario, excluyendo cualquier responsabilidad por los da\u00f1os de cualquier clase causados al Usuario ;por este motivo.<br \/>\u00a0 \u00a0 \u00a0 \u00a0 \u00a0 El acceso a tleo.app ;no implica la obligaci\u00f3n por parte de Tleo&amp;nbsp;de controlar la ausencia de virus, gusanos o cualquier otro elemento inform\u00e1tico da\u00f1ino. Corresponde al ;Usuario, en todo caso, la disponibilidad de herramientas adecuadas para la detecci\u00f3n y desinfecci\u00f3n de programas inform\u00e1ticos da\u00f1inos, por lo tanto, Tleo no se hace responsable de los posibles errores de seguridad que se puedan producir durante la prestaci\u00f3n del servicio de tleo.app, ni de los posibles da\u00f1os que puedan causarse al sistema inform\u00e1tico del Usuario ;o de terceros (hardware y software), los ficheros o documentos almacenados en el mismo, como consecuencia de la presencia de virus en el ordenador del ;Usuario&amp;nbsp;<wbr \/>utilizado para la conexi\u00f3n a los servicios y contenidos de la Web, de un mal funcionamiento del navegador o del uso de versiones no actualizadas del mismo.<br \/>\u00a0 \u00a0 \u00a0 \u00a0 \u00a0 La prestaci\u00f3n del servicio de tleo.app y de los Contenidos tiene, en principio, duraci\u00f3n indefinida Tleo, no obstante, queda autorizado para dar por terminada o suspender la prestaci\u00f3n del servicio de tleo.app\u00a0y\/o de cualquiera de los Contenidos en cualquier momento. Cuando ello sea razonablemente posible, Tleo\u00a0advertir\u00e1 previamente la terminaci\u00f3n o suspensi\u00f3n de tleo.app.<\/p><p>\u00a0 \u00a0 \u00a0 \u00a0 Calidad de Tleo.app:<\/p><p>\u00a0 \u00a0 \u00a0 \u00a0 Dado el entorno din\u00e1mico y cambiante de la informaci\u00f3n y servicios que se suministran por medio de tleo.app, Tleo\u00a0realiza su mejor esfuerzo, pero no garantiza la completa veracidad, exactitud, fiabilidad, utilidad y\/o actualidad de los Contenidos. La informaci\u00f3n contenida en las p\u00e1ginas que componen este Portal s\u00f3lo tiene car\u00e1cter informativo, consultivo, divulgativo y publicitario. En ning\u00fan caso ofrecen ni tienen car\u00e1cter de compromiso vinculante o contractual.<\/p><p>\u00a0 \u00a0 \u00a0 \u00a0 Limitaci\u00f3n de responsabilidad:<\/p><p>\u00a0 \u00a0 \u00a0 \u00a0 Tleo excluye toda responsabilidad por las decisiones que el Usuario pueda tomar basado en esta informaci\u00f3n, as\u00ed como por los posibles errores tipogr\u00e1ficos que puedan contener los documentos y gr\u00e1ficos de tleo.app. La informaci\u00f3n est\u00e1 sometida a posibles cambios peri\u00f3dicos sin previo aviso de su contenido por ampliaci\u00f3n, mejora, correcci\u00f3n o actualizaci\u00f3n de los Contenidos.<\/p><p>\u00a0 \u00a0 \u00a0 \u00a0 Notificaciones:<\/p><p>\u00a0 \u00a0 \u00a0 \u00a0 Todas las notificaciones y comunicaciones por parte de&amp;nbsp;Tleo&amp;nbsp;al&amp;nbsp;<wbr \/>Usuario&amp;nbsp;realizados por cualquier medio se considerar\u00e1n eficaces a todos los efectos.<\/p><p>\u00a0 \u00a0 \u00a0 \u00a0 Jurisdicci\u00f3n:<\/p><p>\u00a0 \u00a0 \u00a0 \u00a0 Para cuantas cuestiones se susciten sobre la interpretaci\u00f3n, aplicaci\u00f3n y cumplimiento de este Aviso Legal, as\u00ed como de las reclamaciones que puedan derivarse de su uso, todos las partes intervinientes se someten a los Jueces y Tribunales de la provincia de M\u00e1laga, renunciando de forma expresa a cualquier otro fuero que pudiera corresponderles.<\/p><p>\u00a0 \u00a0 \u00a0 \u00a0 Legislaci\u00f3n aplicable:<\/p><p>\u00a0 \u00a0 \u00a0 \u00a0 El presente Aviso Legal se rige por la normativa espa\u00f1ola vigente.<\/p>\t\t\t\t\t\t\t\t<\/div>\n\t\t\t\t<\/div>\n\t\t\t\t\t<\/div>\n\t\t<\/div>\n\t\t\t\t\t<\/div>\n\t\t<\/section>\n\t\t\t\t<\/div>\n\t\t","protected":false},"excerpt":{"rendered":"<p>Aviso legal Datos identificativos del titular del sitio web:\u00a0 \u00a0 \u00a0 \u00a0 En cumplimiento del deber de informaci\u00f3n estipulado en el art\u00edculo 10 de la Ley 34\/2002 de 11 de julio de Servicios de la Sociedad de la Informaci\u00f3n y de Comercio Electr\u00f3nico, Novafortel S.L., con CIF B93053221, en adelante Tleo, en calidad de titular<a class=\"more-link\" href=\"https:\/\/www.tleo.app\/home\/aviso-legal\/\">Continue reading <span class=\"screen-reader-text\">&#8220;Aviso Legal&#8221;<\/span><\/a><\/p>\n","protected":false},"author":1,"featured_media":0,"parent":0,"menu_order":0,"comment_status":"closed","ping_status":"closed","template":"elementor_canvas","meta":{"footnotes":""},"class_list":["post-1390","page","type-page","status-publish","hentry","entry"],"_links":{"self":[{"href":"https:\/\/www.tleo.app\/home\/wp-json\/wp\/v2\/pages\/1390","targetHints":{"allow":["GET"]}}],"collection":[{"href":"https:\/\/www.tleo.app\/home\/wp-json\/wp\/v2\/pages"}],"about":[{"href":"https:\/\/www.tleo.app\/home\/wp-json\/wp\/v2\/types\/page"}],"author":[{"embeddable":true,"href":"https:\/\/www.tleo.app\/home\/wp-json\/wp\/v2\/users\/1"}],"replies":[{"embeddable":true,"href":"https:\/\/www.tleo.app\/home\/wp-json\/wp\/v2\/comments?post=1390"}],"version-history":[{"count":8,"href":"https:\/\/www.tleo.app\/home\/wp-json\/wp\/v2\/pages\/1390\/revisions"}],"predecessor-version":[{"id":1702,"href":"https:\/\/www.tleo.app\/home\/wp-json\/wp\/v2\/pages\/1390\/revisions\/1702"}],"wp:attachment":[{"href":"https:\/\/www.tleo.app\/home\/wp-json\/wp\/v2\/media?parent=1390"}],"curies":[{"name":"wp","href":"https:\/\/api.w.org\/{rel}","templated":true}]}}